igit of 20157080?
2
What is the ten thousands digit of 85512428?
1
What is the hundreds digit of 859822733?
7
What is the ten millions digit of 262929603?
6
What is the tens digit of 28960464?
6
What is the thousands digit of 20061055?
1
What is the thousands digit of 106128794?
8
What is the thousands digit of 85093732?
3
What is the hundred thousands digit of 1848427?
8
What is the hundred thousands digit of 308330546?
3
What is the hundred millions digit of 491614331?
4
What is the tens digit of 17122399?
9
What is the thousands digit of 1913185746?
5
What is the hundred thousands digit of 508796309?
7
What is the ten thousands digit of 53525605?
2
What is the hundreds digit of 27876772?
7
What is the ten thousands digit of 103079083?
7
What is the ten thousands digit of 25993422?
9
What is the hundreds digit of 117769225?
2
What is the ten thousands digit of 313995188?
9
What is the tens digit of 1014281735?
3
What is the hundred thousands digit of 360388600?
3
What is the thousands digit of 20805292?
5
What is the units digit of 8667154779?
9
What is the tens digit of 263477010?
1
What is the tens digit of 107153706?
0
What is the ten thousands digit of 32404497?
0
What is the hundreds digit of 82771353?
3
What is the hundred thousands digit of 262963289?
9
What is the thousands digit of 861064446?
4
What is the ten thousands digit of 30527986?
2
What is the hundreds digit of 137592192?
1
What is the units digit of 2333798?
8
What is the millions digit of 261397192?
1
What is the thousands digit of 29207596?
7
What is the tens digit of 238674299?
9
What is the millions digit of 542510614?
2
What is the hundred millions digit of 5002428412?
0
What is the millions digit of 619496953?
9
What is the hundred thousands digit of 203170963?
1
What is the hundred millions digit of 1915615208?
9
What is the ten millions digit of 379014992?
7
What is the ten millions digit of 84410366?
8
What is the ten millions digit of 170034005?
7
What is the hundreds digit of 46362773?
7
What is the hundreds digit of 70481607?
6
What is the units digit of 528264476?
6
What is the hundred thousands digit of 1185777855?
7
What is the ten millions digit of 63511157?
6
What is the ten millions digit of 99161748?
9
What is the hundred millions digit of 1586903389?
5
What is the units digit of 638364338?
8
What is the millions digit of 151524421?
1
What is the tens digit of 6226489?
8
What is the ten thousands digit of 2416472181?
7
What is the millions digit of 137085819?
7
What is the thousands digit of 8249466?
9
What is the tens digit of 103432083?
8
What is the thousands digit of 82630967?
0
What is the thousands digit of 270381750?
1
What is the ten thousands digit of 1673041228?
4
What is the thousands digit of 99192779?
2
What is the ten millions digit of 36928444?
3
What is the hundreds digit of 203834865?
8
What is the units digit of 405857598?
8
What is the tens digit of 847008632?
3
What is the units digit of 74905986?
6
What is the millions digit of 331796300?
1
What is the hundred millions digit of 194148799?
1
What is the thousands digit of 2394299951?
9
What is the hundred millions digit of 235542372?
2
What is the ten thousands digit of 4486066381?
6
What is the millions digit of 689432763?
9
What is the hundred thousands digit of 1291701599?
7
What is the units digit of 65850154?
4
What is the units digit of 154398640?
0
What is the hundred thousands digit of 294157386?
1
What is the hundreds digit of 266154240?
2
What is the thousands digit of 49009634?
9
What is the units digit of 1022458055?
5
What is the hundred thousands digit of 110705544?
7
What is the hundred millions digit of 2384234127?
3
What is the units digit of 1641230571?
1
What is the units digit of 11360473?
3
What is the hundreds digit of 5235610024?
0
What is the units digit of 1262226570?
0
What is the tens digit of 48795771?
7
What is the ten thousands digit of 679742498?
4
What is the ten thousands digit of 52964252?
6
What is the millions digit of 6304705161?
4
What is the ten thousands digit of 277313799?
1
What is the tens digit of 793935046?
4
What is the hundred millions digit of 508027114?
5
What is the ten thousands digit of 77761296?
6
What is the hundreds digit of 110186046?
0
What is the thousands digit of 262391690?
1
What is the thousands digit of 30364582?
4
What is the ten thousands digit of 135885150?
8
What is the hundred thousands digit of 349917409?
9
What is the units digit of 53362441?
1
What is the millions digit of 17740299?
7
What is the units digit of 3896814775?
5
What is the ten millions digit of 433006205?
3
What is the units digit of 63839874?
4
What is the millions digit of 2357044376?
7
What is the ten thousands digit of 26327018?
2
What is the thousands digit of 16858520?
8
What is the units digit of 104532892?
2
What is the ten thousands digit of 236334486?
3
What is the units digit of 35599244?
4
What is the hundreds digit of 2056438649?
6
What is the millions digit of 63081810?
3
What is the hundreds digit of 815922863?
8
What is the units digit of 4028551277?
7
What is the tens digit of 24939692?
9
What is the billions digit of 1854999017?
1
What is the units digit of 1562156465?
5
What is the millions digit of 7255706203?
5
What is the ten thousands digit of 96854058?
5
What is the millions digit of 2727892261?
7
What is the millions digit of 51759893?
1
What is the millions digit of 340176086?
0
What is the hundreds digit of 712693539?
5
What is the hundred millions digit of 2999482299?
9
What is the ten millions digit of 855609829?
5
What is the units digit of 3150251922?
2
What is the tens digit of 151686790?
9
What is the ten thousands digit of 37237870?
3
What is the ten millions digit of 828717708?
2
What is the millions digit of 2478393613?
8
What is the hundred millions digit of 3849741682?
8
What is the hundred thousands digit of 66306212?
3
What is the hundred thousands digit of 1765100677?
1
What is the tens digit of 130382895?
9
What is the tens digit of 3726047?
4
What is the units digit of 171563052?
2
What is the hundreds digit of 857197681?
6
What is the thousands digit of 58632563?
2
What is the hundred millions digit of 460733541?
4
What is the hundreds digit of 1238355937?
9
What is the ten thousands digit of 15409116?
0
What is the hundred millions digit of 371729037?
3
What is the units digit of 2063844768?
8
What is the thousands digit of 715236861?
6
What is the hundreds digit of 2274933?
9
What is the ten millions digit of 23295747?
2
What is the millions digit of 83182571?
3
What is the ten thousands digit of 47403870?
0
What is the thousands digit of 10428902?
8
What is the thousands digit of 1798342277?
2
What is the hundreds digit of 152763483?
4
What is the thousands digit of 677296665?
6
What is the ten thousands digit of 90793349?
9
What is the tens digit of 6176849?
4
What is the millions digit of 29344399?
9
What is the hundred thousands digit of 581603159?
6
What is the hundred thousands digit of 1218989258?
9
What is the hundreds digit of 2049558510?
5
What is the ten thousands digit of 33869407?
6
What is the hundreds digit of 106467664?
6
What is the hundred thousands digit of 3255257459?
2
What is the units digit of 47501729?
9
What is the ten thousands digit of 4975282731?
8
What is the hundred thousands digit of 827348709?
3
What is the billions digit of 3551461858?
3
What is the units digit of 145158632?
2
What is the hundred thousands digit of 616374718?
3
What is the units digit of 469760127?
7
What is the hundreds digit of 75315188?
1
What is the hundreds digit of 64904487?
4
What is the hundred thousands digit of 436676761?
6
What is the units digit of 281133051?
1
What is the ten thousands digit of 105470187?
7
What is the hundred thousands digit of 200613839?
6
What is the ten thousands digit of 13105104?
0
What is the units digit of 315629873?
3
What is the hundred thousands digit of 95744594?
7
What is the thousands digit of 42455910?
5
What is the hundred millions digit of 181455579?
1
What is the millions digit of 239951861?
9
What is the thousands digit of 43121485?
1
What is the tens digit of 753253446?
4
What is the thousands digit of 1679349238?
9
What is the tens digit of 214676922?
